
2, 3, 443
Suppose c + 2*b = b + 34, b = c - 28. Suppose -c = 2*y + 19. Let x = 33 + y. What are the prime factors of x?
2
Suppose d - 57713 = -n, -5*n - 187992 = -4*d + 42941. List the prime factors of d.
2, 7, 19, 31
Let f = 27 - 25. Suppose 5 = f*m - 7*m. What are the prime factors of (69*-1)/((-1)/2 + m)?
2, 23
Let v be 1080/11 - 1/((-33)/(-6)). Let h = v + 62. Suppose 7*d - 414 = h. What are the prime factors of d?
2, 41
Suppose 5*y + 3*z - 1352 = 0, -8 + 555 = 2*y - 5*z. Let g(j) = -165*j - 2. Let h be g(-3). Let r = h - y. List the prime factors of r.
2, 3, 37
Let f be 892 - (25/(-7) + 138/(-322)). Let n = f - -564. What are the prime factors of n?
2, 5, 73
Suppose 2208076 - 399871 - 115800 = 143*w. List the prime factors of w.
3, 5, 263
Suppose 0 = 4*a - 16, -a + 13257 = f - 66126. List the prime factors of f.
79379
Suppose -2*j + 4*w = 200, 0*j - 5*w - 333 = 3*j. Let t = 460 + j. List the prime factors of t.
2, 3, 59
Let o(u) = -u**2 + 8*u - 15. Let r be o(8). Let v be (r/10)/((-12)/112). List the prime factors of (-65)/(-35) - (-2)/v.
2
Let k(i) = -2*i**3 - 9*i**2 + 102*i + 32. Let c(h) = -h**3 - 5*h**2 + 51*h + 16. Let a(d) = 9*c(d) - 4*k(d). List the prime factors of a(-15).
601
Let s be 2/(-3)*111/37. What are the prime factors of (s - -1)*(-722 + 0/(-1))?
2, 19
Suppose 0 = -231*o + 177*o + 486884 - 163910. List the prime factors of o.
5981
Let p = 2585 + -1566. Suppose -6*t + 3959 = p. What are the prime factors of t?
2, 5, 7
Let a = 8307 - 4700. List the prime factors of a.
3607
Suppose 3*r - r = 5554. Suppose -3*n - 14155 = r. List the prime factors of 4/(-10) + n/(-85).
2, 3, 11
Let z = 132 + -129. Suppose z*h = k + 2186, 2*h - 533 - 928 = -3*k. What are the prime factors of h?
3
Let d be (-20)/(-30) + (-14)/(-6). Suppose -3*t + 2651 = -5*o, 0*o = d*t + 5*o - 2611. What are the prime factors of t?
877
Suppose -5*x + 4*o = 2*o - 16, 3*x - o = 10. Suppose -x*q = 5*j - 2199, -3*j = 5*q - 1535 - 1204. Suppose 10*y - q - 334 = 0. What are the prime factors of y?
2, 11
Let d be ((-14)/(-56))/(1/(-1 - 27)). Let y(q) = 17*q**2 - 22*q - 25. What are the prime factors of y(d)?
2, 13, 37
List the prime factors of ((-60)/(-8)*(4 + -5))/(2/(-3620)).
3, 5, 181
Let x = 16946 - 16782. What are the prime factors of x?
2, 41
Suppose -35*p + 53974 = -10*p - 176026. What are the prime factors of p?
2, 5, 23
Let o be ((-435)/15)/(2/(-64)). Let p be o*(-2)/5*(-20)/8. What are the prime factors of p/22 + 3 + 175/(-55)?
2, 3, 7
Let q = 407 + 174. Let c be (-5 - 4323/(-253)) + (-6)/69. Suppose 5*j - 2*h + h = q, -3*h + c = 0. What are the prime factors of j?
3, 13
What are the prime factors of ((-196)/21)/((-36)/165294)?
2, 7, 3061
Let w be (12/21)/(32/112). Suppose -47 = w*v - 533. List the prime factors of v.
3
Suppose 182021 - 51721 = 18*g - 68528. List the prime factors of g.
2, 3, 7, 263
Let d = 21552 - 9415. List the prime factors of d.
53, 229
Let p(q) = -2*q**3 - 29*q**2 + 28*q + 436. What are the prime factors of p(-24)?
2, 2677
Let h be (-175)/7*(0 - 1). Let v be (-5)/(h/(-4))*5. List the prime factors of (-1)/v - -2*4765/40.
2, 7, 17
Let y(u) = 9*u**2 - 5*u + 25. Let q(h) = 5*h**2 - 3*h + 12. Let z(m) = -7*q(m) + 4*y(m). Let b(i) = -i - 23. Let f be b(-15). List the prime factors of z(f).
2, 3
Let w be 42476/10 + 3 - 4/(-10). Suppose -8*x + w + 2133 = 0. List the prime factors of x.
2, 3, 7, 19
Let s = -58 - 102. Let b = -85 - s. Suppose -5*v + b = -960. What are the prime factors of v?
3, 23
Let b(y) = 18*y - 128 - 9*y + y**2 + 84. Let f be b(-13). Suppose -r + f = -29. List the prime factors of r.
37
Suppose -s - 15 = -4*s. Suppose 2*w - s - 3 = 0. Suppose 109 = w*o - 163. List the prime factors of o.
2, 17
Let l be 310/(-7) - ((-320)/(-56) + -6). Let o = l + 37. List the prime factors of (o + 125/20)*(-232 - 0).
2, 3, 29
Let k(w) = 2*w**2 - 44*w + 49. Let i be k(21). Let d(n) = 2*n**3 - 7*n**2 - 11*n + 23. What are the prime factors of d(i)?
17
Let z = -60 - -48. List the prime factors of z*10215/(-220) + (-2)/11.
557
Let o = 282 + -293. List the prime factors of (1 + o)*340/(-8).
5, 17
List the prime factors of (27/(-5) + 5)/((-925242)/925230 + 1).
30841
List the prime factors of (-1)/2*-761*(7 - -3).
5, 761
Let v be (217/77 - 2/(-11)) + 1. Suppose 0 = v*k - 185 - 1243. Suppose k = 3*w - 4*s, 0 = 5*w - 3*s - 749 + 143. What are the prime factors of w?
3, 41
Suppose p - 4*t - 6734 = 0, -4*p + 22*t - 20*t = -26852. What are the prime factors of p?
2, 5, 11, 61
What are the prime factors of (-5)/(5/(-94))*(-9156)/(-21)?
2, 47, 109
Let n(h) = -549*h - 650. List the prime factors of n(-20).
2, 5, 1033
Let p be 186*1/6*-3. Let h be (-17 + -1)/9 - (p - 1). Suppose s - 82 = 5*w + h, -6 = -3*w. List the prime factors of s.
2, 23
Suppose 18*q + 60*q - 51170 - 2643964 = 0. What are the prime factors of q?
109, 317
Suppose -3*n + 18 = -2*n. Let d be 8 + (28/(-4) + 4 - 2). Suppose -d*r + 12 + n = 0. What are the prime factors of r?
2, 5
Let h(n) = n**3 - 6*n**2 - 18*n + 64. List the prime factors of h(23).
3, 43, 67
Suppose -127708 = 928*p - 900*p - 1037288. What are the prime factors of p?
5, 73, 89
Let c be 10/(-15) - (5 - (-694)/(-6)). Suppose -4*l + 4 = 0, -4*y + 5*l - l = -384. Suppose -5*a - c = -3*q + y, 4*a = 5*q - 345. List the prime factors of q.
3, 23
Let f = -689 + 5878. What are the prime factors of f?
5189
Let t be (-2)/(375/(-90) + 2*2). Suppose -8*r + t*r = 460. What are the prime factors of r?
5, 23
Suppose 7*b = -9*b - 13*b + 114695. List the prime factors of b.
5, 7, 113
Suppose 7*s = -9*s + 112. Suppose -s*g = -12*g - 4*a + 1738, 0 = -5*a + 10. List the prime factors of g.
2, 173
Let n = 56467 - 26730. List the prime factors of n.
131, 227
Let p(a) = 240*a**2 - 38*a - 162. What are the prime factors of p(-6)?
2, 3, 1451
Let k = 19447 + -13611. List the prime factors of k.
2, 1459
Let y be (-212)/26 + (-16)/(-104). Let f be (4/y)/((5/(-4))/5). Suppose 52 = 2*u - 5*j, 0*u + u + f*j - 26 = 0. List the prime factors of u.
2, 13
Let c be 1/3 + 13/(-39). Suppose s = 5*t - 15, 4*s = -c*s - 2*t + 6. Suppose 9*w - 5*w - 212 = s. List the prime factors of w.
53
Let w(h) = 248*h**2 + 3*h + 27. Let q be w(-3). Suppose 4*r - 18*m - q = -23*m, -4*r + 2244 = 2*m. List the prime factors of r.
2, 5, 7
Suppose 0 = 4*o - 2*k - 6558, -3*o - 3*k + 1646 + 3250 = 0. Suppose 0 = 21*h - 8420 + o. What are the prime factors of h?
17, 19
Let r(m) = -19*m - 144. Suppose -k - 4*h = -2*k - 30, 0 = -5*k + 2*h - 60. List the prime factors of r(k).
2, 23
Suppose 227819 + 180001 = 30*u. List the prime factors of u.
2, 7, 971
Let i = 5 - -95. Let m = i - 50. Let o = 40 + m. What are the prime factors of o?
2, 3, 5
Let n = -19956 + 29497. List the prime factors of n.
7, 29, 47
Suppose 12*n = -26*n - 43586. Let d = n + 1792. What are the prime factors of d?
3, 5, 43
Let g(i) = -i**3 + 4*i**2 + 5*i + 32. Let r be g(5). What are the prime factors of r - (3 + (-13 - -4))?
2, 19
Let w = 215 + -191. What are the prime factors of (-6)/(w/(-1940)) + -3?
2, 241
Let p(b) = b**3 + 10*b**2 + b - 3. Let s be p(7). Suppose -10*u = -u - s. Suppose -787 = -8*i + u. List the prime factors of i.
2, 5, 11
Let y = 216 - 151. Let h = y + -69. List the prime factors of 221 - (2 + h + 2).
13, 17
Let z(b) = -37710*b + 462. List the prime factors of z(-2).
2, 3, 12647
Let u(t) = -54*t - 82*t - 3 + 18*t. Let k be u(-2). Let s = k - 128. What are the prime factors of s?
3, 5, 7
Suppose -7767 = -2*x + 2579. List the prime factors of x.
7, 739
Let u(n) = n**3 + 78*n**2 + 281*n + 157. What are the prime factors of u(-39)?
7, 29, 239
Suppose 984 = 3*x + 2*a, 2*a = 2*x - 856 + 200. Let u be (-13)/52 - (-34)/8. Suppose x = u*v - 384. List the prime factors of v.
2, 89
Suppose 3*q + 0*q - 31 = -5*n, 5*q + 2*n - 20 = 0. Suppose 13*b - 11*b = 4*y + 474, -4*y = q*b - 506. What are the prime factors of b?
5, 7
What are the prime factors of -9 + 3584040/45 - 6/(-9)?
97, 821
Let i(q) be the second derivative of -31*q**3/3 - 9*q**2 + 3*q. Let k be i(-8). Suppose 2*n + 3*l = 194, 5*l + k - 134 = 4*n. What are the prime factors of n?
7, 13
Let a(s) = -s**3 + 10*s**2 - 24*s - 5. Let h be a(4). What are the prime factors of (106 - h) + 3*(-6)/(-9)?
113
Let w(c) = 12*c - 12. Suppose -p - 31 = 4*j, 0 = j +